at is the highest common factor of 45 and w?
45
Suppose -3*y + 2*k + 8 - 143 = 0, -15 = 5*k. Let d = y - -53. Calculate the greatest common divisor of 3 and d.
3
Let k = -27 + 51. Let l(r) = -14*r + 14. Let w be l(5). Let d be (-1 + w/(-24))/((-2)/(-18)). What is the highest common factor of k and d?
12
Suppose 0 = 5*s - 2*b - 9847, -3*s - 3*b + 5491 + 434 = 0. Calculate the highest common divisor of 27 and s.
27
Let d = -2234 - -2466. Calculate the greatest common factor of 40 and d.
8
Let z be (-49)/((-2646)/(-1440))*(2 + 17/(-4)). What is the greatest common divisor of 20 and z?
20
Let k be -9*(0 + (-3)/(-9)). Let u be k/(-12) - (3495/(-20) + -3). Let t = u - 118. Calculate the highest common divisor of 48 and t.
12
Let g = -44 + 62. Suppose -4*c - g = -4*t + t, 3*t + 2*c = 0. Suppose -12 = -4*a, -t*i - 2*i + 1329 = -a. Calculate the highest common factor of i and 37.
37
Let z(r) = 4*r - 24. Let v be z(6). Let i(f) = -6*f + 110. Let n be i(v). Let m = 83 + -39. What is the greatest common factor of n and m?
22
Let p be ((-9)/5)/((-14)/(-5) - 3). Suppose 79 = -p*c - 83. Let s be (-30)/(1*3 - (-66)/c). Calculate the highest common factor of 27 and s.
9
Let o = 53900 - 31124. Calculate the greatest common factor of o and 13.
13
Suppose 0 = 17*c - 430 - 3191. Calculate the greatest common divisor of c and 6.
3
Suppose -10*m + 54 = -13*m. Let b be 6/m + (-26)/(-6). Let c be (3 + (-26)/b)*-30. Calculate the greatest common divisor of c and 21.
21
Let d be 4/(-28) + 66868/28. Calculate the greatest common factor of d and 12.
12
Let o(d) = -413*d - 1091. Let p be o(-7). What is the greatest common factor of p and 432?
72
Suppose 12 = 54*t - 57*t, -h - 3*t + 1048 = 0. Let a(s) = s**2 + 17. Let r be a(6). Calculate the highest common factor of r and h.
53
Let n(a) = a - 9. Let r be n(7). Let p be (3 + r)*-106 + -2. Let t be p/63*63/(-1). What is the highest common factor of t and 12?
12
Suppose 3*b - 9 = 0, -2*d + 93 = d - b. Suppose 2*r = -x + 346, -5*x + 21*r + 1748 = 25*r. What is the highest common divisor of d and x?
32
Suppose -9*l + 40 = -77. Let f(o) = -o**2 + 16*o - 26. Let y be f(l). Suppose -y*c + 8*c = -70. What is the greatest common factor of c and 70?
14
Suppose 19*m + 47170 = 48633. Calculate the highest common factor of 14 and m.
7
Let p(j) = -140*j - 10839. Let d be p(-78). Calculate the greatest common divisor of d and 3456.
27
Let g(q) = 7*q**3 - 5*q**2 - 11*q + 13. Let k be g(5). What is the highest common factor of k and 108?
12
Suppose 1824 = 9*b - 1281. Let u be -6*(-8)/(-64) + 187/4. What is the highest common divisor of u and b?
23
Let f be 262 + (24 - (-7 + 21)). Calculate the highest common factor of f and 2788.
68
Suppose -7*t + 2*t = -2*t. Suppose u - 11 = 5*i, t = 2*i - 0 + 2. What is the greatest common divisor of 30 and u?
6
Let m = 9159 + -9144. Calculate the greatest common factor of 2605 and m.
5
Let a = -4515 + 4560. Calculate the highest common factor of a and 2025.
45
Suppose -64*g + 63*g + 195 = 0. Let c = g + -158. Calculate the highest common divisor of 185 and c.
37
Let m be 91/13 + (5 - 19) + 4. Let r(p) = -10*p**2 + 1. Let w be r(-1). Let k be m*(51/w + 5). Calculate the highest common factor of k and 2.
2
Suppose 325*i - 92 = 323*i. Suppose -7*q - i = -137. What is the highest common factor of q and 39?
13
Let i = -60 - -90. Let u be 2/(-6) - (-130)/i. Let a be 3/(((-436)/108 + u)/(-2)). What is the highest common factor of a and 18?
18
Let m be ((-372)/(-434))/((-3)/(-14)). Suppose 38 = 2*w - m*d, 14*w + 15 = 15*w - d. Calculate the highest common factor of 1 and w.
1
Suppose 795*r = 829*r - 6868. Calculate the greatest common factor of 34 and r.
2
Let q = 57 - -96. Suppose t + q = -2*t. Let m = -37 - t. Calculate the greatest common divisor of m and 112.
14
Suppose -2*a + 3*i = -1125, 6*i = 8*i - 10. Let z be 4/2 + (-1)/((-3)/a). Calculate the greatest common factor of 24 and z.
24
Let c(p) = -40*p + 3260. Let w be c(81). What is the greatest common factor of w and 530?
10
Let l be (-10)/(-4)*(-14 - 30268/(-230)). What is the greatest common factor of l and 6?
6
Let r(m) = -2*m**2 - 6 - 13 + 15*m + 16. Let q be r(13). Let x = -11 - q. Calculate the highest common factor of 54 and x.
27
Suppose d + 4*b - 2982 + 754 = 0, -12 = -2*b. Calculate the greatest common divisor of d and 532.
76
Suppose 94*g - 45 = 87*g + 39. Let v(x) = x**2 - 10*x - 6. Let m be v(11). Suppose -3*k = -m*k + 84. Calculate the highest common divisor of g and k.
6
Let d = 24785 + -11373. What is the highest common factor of d and 28?
28
Let v(b) = -12*b - 120. Let h(c) = 3*c. Let k(n) = -2*h(n) - v(n). Let u be k(-10). Calculate the highest common factor of u and 45.
15
Suppose 0*n = 8*n - 5*n. Suppose 2*d + n*m - 2*m + 94 = 0, 259 = -5*d - 3*m. Let k be (12/15)/((-1)/d). Calculate the greatest common divisor of k and 120.
40
Suppose 3*x - 480 = i, -4*i - i = 0. Suppose 6*r + 16 = x. Suppose -2*m + 8 = -r. Calculate the greatest common factor of m and 56.
8
Suppose 2*b + 4*n + 311 + 75 = 0, 5*n = -3*b - 582. Let m = -187 - b. Calculate the greatest common factor of 96 and m.
12
Let g(u) = -57*u - 817. Let w be g(-16). Calculate the greatest common factor of 1235 and w.
95
Let w = -301 + 303. Suppose -3*d + 21 = -5*p, 16*d = 17*d + w*p + 4. Calculate the greatest common divisor of d and 16.
2
Suppose 5*p = -5*w + 2075, 3*w - 177*p = -172*p + 1285. Calculate the greatest common factor of w and 15.
15
Let m be 1*((0 - 2) + 154). Suppose 0 = -b - n + 15, 39*n + 249 = -3*b + 78*n. What is the highest common factor of b and m?
8
Let z(o) = 5*o - 9. Let g be (-1)/2*(-260)/10. Let v be z(g). Suppose -64*y = -59*y - 140. What is the greatest common divisor of v and y?
28
Suppose 36 = 5*u + 2*p, p + 22 = u + 12. What is the greatest common factor of 8 and u?
8
Let u = -45 - -51. Suppose 54*g = 59*g - 2100. Suppose -4*a + g = u*a. Calculate the highest common divisor of a and 84.
42
Suppose -3*n = 2*n - 175. Let s = 1070 + -965. What is the highest common factor of s and n?
35
Let o(n) = -n**3 + 6*n**2 + 6*n - 2. Let f be o(5). Let q be (-138)/(-6)*(-2)/(-2 + 4). Let j = q + f. What is the greatest common divisor of 60 and j?
30
Let t(w) = w**2 - 82*w + 1734. Let s be t(50). What is the greatest common factor of s and 16?
2
Let s be -27*(161/63 - 2/9). Let g = s - -95. Suppose 2*d = 0, d = -2*b + 2*d + g. Calculate the highest common factor of b and 48.
16
Suppose -705 = -5*u + 5*t, 3*u + 2*t + 687 = 8*u. What is the highest common factor of u and 330?
15
Suppose -3*k - 130 = 161. Let h = -89 - k. What is the highest common divisor of h and 232?
8
Let m = 21 - -135. Let f = -122 + 226. Calculate the greatest common divisor of f and m.
52
Let i(k) = 3*k**2 - 33*k + 188. Let c be i(7). What is the greatest common divisor of c and 352?
8
Suppose 3609 - 14522 = -106*y + 1489. Calculate the greatest common divisor of y and 143.
13
Let q(l) = -l**3 + 7*l + 2. Suppose 0 = 2*r - 5*p + 6, 0 = 25*p - 24*p. Let j be q(r). Let g = 18 - 10. What is the highest common factor of g and j?
8
Let s be 18672/84 + (-48)/(-28). Calculate the greatest common divisor of s and 20272.
112
Suppose -4*p = -5*l - 191, p - 3*p + 3*l + 97 = 0. Let h be (2*-11)/((-9)/(234 - 0)). Calculate the highest common factor of h and p.
44
Let f = -58 - 7. Let c = f - -153. Let n be 16 - 3*(-5)/(-15)*-6. Calculate the highest common divisor of c and n.
22
Suppose 4*r + 22 = 3*i + 81, 5*i = -5*r + 65. Suppose 0 = -r*h + 15*h - 120. Calculate the greatest common factor of 48 and h.
24
Let p = -3219 + 3224. What is the greatest common factor of p and 204?
1
Suppose 138*b - 109*b - 12064 = 0. Let p = -41 + 54. Calculate the highest common factor of p and b.
13
Let j(u) = -3*u**3 - 78*u**2 + 76*u - 37. Let h be j(-27). What is the highest common divisor of 1358 and h?
14
Suppose -4*q + 5*b = -156, -2*b = -2*q + 17 + 59. Calculate the highest common divisor of 1241 and q.
17
Let t(j) be the first derivative of 30*j**2 + 30*j + 43. Let q be t(1). What is the highest common factor of 36 and q?
18
Let i(q) be the second derivative of -q**3/3 + 31*q**2 + 19*q. Let x be i(4). Calculate the highest common factor of x and 243.
27
Let r = 783 - 311. Let j = -469 + r. What is the highest common 